n base 6?
-32
4 (base 14) to base 7
4
Convert 10 (base 3) to base 6.
3
What is 24 (base 13) in base 4?
132
-6 (base 9) to base 13
-6
What is -4 (base 9) in base 13?
-4
Convert -43 (base 14) to base 9.
-65
What is -242 (base 6) in base 2?
-1100010
What is -23 (base 10) in base 11?
-21
What is 94 (base 12) in base 11?
a2
What is -16 (base 10) in base 12?
-14
Convert -31 (base 5) to base 8.
-20
Convert -11 (base 5) to base 6.
-10
1110 (base 3) to base 11
36
What is 0 (base 7) in base 13?
0
What is 79 (base 15) in base 3?
11020
Convert 12 (base 13) to base 4.
33
Convert -27 (base 10) to base 12.
-23
355 (base 10) to base 6
1351
What is -10 (base 2) in base 9?
-2
10 (base 4) to base 12
4
-7 (base 10) to base 15
-7
11 (base 7) to base 4
20
What is -3 (base 13) in base 2?
-11
Convert -1 (base 2) to base 15.
-1
What is -1410 (base 5) in base 11?
-19a
What is -2 (base 6) in base 2?
-10
Convert -111 (base 2) to base 13.
-7
Convert -10010 (base 2) to base 8.
-22
32 (base 11) to base 12
2b
What is 50 (base 9) in base 14?
33
Convert 2 (base 5) to base 14.
2
What is -36 (base 16) in base 5?
-204
Convert 39 (base 15) to base 5.
204
Convert -10020 (base 3) to base 15.
-5c
-147 (base 10) to base 11
-124
Convert 3 (base 9) to base 6.
3
Convert 68 (base 14) to base 16.
5c
Convert 1121 (base 3) to base 5.
133
1 (base 6) to base 5
1
What is 21 (base 11) in base 6?
35
Convert 65 (base 8) to base 10.
53
-31 (base 5) to base 9
-17
What is 1 (base 2) in base 11?
1
-1 (base 10) to base 4
-1
-51 (base 9) to base 11
-42
What is -3 (base 5) in base 6?
-3
21 (base 8) to base 11
16
What is 53 (base 7) in base 16?
26
Convert -14 (base 5) to base 2.
-1001
Convert 11 (base 16) to base 13.
14
Convert 21 (base 8) to base 2.
10001
Convert -1 (base 15) to base 8.
-1
-2 (base 15) to base 7
-2
-34 (base 6) to base 15
-17
-1 (base 16) to base 13
-1
What is -18 (base 15) in base 7?
-32
-1 (base 5) to base 13
-1
21 (base 3) to base 9
7
Convert 7b (base 15) to base 4.
1310
What is -7 (base 8) in base 7?
-10
Convert 12 (base 13) to base 2.
1111
Convert -21 (base 12) to base 9.
-27
Convert -123 (base 12) to base 10.
-171
Convert -11111110 (base 2) to base 9.
-312
What is -20 (base 5) in base 13?
-a
-77 (base 12) to base 11
-83
Convert -2 (base 13) to base 5.
-2
-6 (base 8) to base 2
-110
What is -11201 (base 3) in base 13?
-9a
What is -127 (base 14) in base 4?
-3213
4 (base 8) to base 2
100
What is -3 (base 8) in base 14?
-3
What is 12 (base 3) in base 6?
5
-1000100 (base 2) to base 13
-53
Convert -1 (base 11) to base 3.
-1
What is b2 (base 15) in base 2?
10100111
Convert 4 (base 6) to base 10.
4
Convert 1 (base 15) to base 10.
1
-1 (base 15) to base 4
-1
What is -11 (base 3) in base 5?
-4
What is -2 (base 14) in base 11?
-2
What is -2 (base 10) in base 15?
-2
What is 2 (base 4) in base 6?
2
-10 (base 3) to base 16
-3
What is -2221 (base 3) in base 5?
-304
Convert -72 (base 16) to base 8.
-162
Convert 28 (base 14) to base 2.
100100
What is 10102 (base 3) in base 6?
232
What is -22 (base 14) in base 11?
-28
Convert -2 (base 9) to base 11.
-2
What is 47 (base 11) in base 7?
102
What is 15 (base 12) in base 15?
12
Convert 0 (base 11) to base 16.
0
What is 1000101 (base 2) in base 8?
105
What is -7 (base 16) in base 4?
-13
What is -2 (base 14) in base 2?
-10
What is 55 (base 7) in base 5?
130
What is -61 (base 13) in base 9?
-87
0 (base 10) to base 3
0
What is 3 (base 6) in base 5?
3
What is 122 (base 6) in base 10?
50
Convert -2 (base 7) to base 16.
-2
-2 (base 6) to base 2
-10
b (base 14) to base 9
12
Convert -24 (base 6) to base 13.
-13
10 (base 12) to base 13
c
10 (base 7) to base 8
7
What is -56 (base 7) in base 9?
-45
-24 (base 7) to base 13
-15
-3 (base 4) to base 13
-3
11 (base 6) to base 5
12
What is -5 (base 14) in base 4?
-11
2 (base 13) to base 6
2
13 (base 8) to base 16
b
Convert 3 (base 9) to base 12.
3
What is -1 (base 9) in base 6?
-1
Convert -1 (base 15) to base 10.
-1
-1 (base 15) to base 8
-1
1130 (base 4) to base 2
1011100
-20 (base 8) to base 11
-15
110 (base 3) to base 5
22
What is 1110 (base 4) in base 9?
103
2a (base 12) to base 16
22
-17 (base 10) to base 5
-32
Convert 3001 (base 4) to base 5.
1233
Convert 68 (base 16) to base 15.
6e
Convert 54 (base 12) to base 10.
64
What is 2 (base 12) in base 7?
2
Convert -5 (base 10) to base 7.
-5
What is -4e (base 15) in base 7?
-134
Convert -1 (base 5) to base 3.
-1
What is -4 (base 15) in base 12?
-4
Convert -1c7 (base 13) to base 5.
-2312
What is 0 (base 15) in base 14?
0
1000 (base 2) to base 11
8
Convert -1a (base 15) to base 6.
-41
What is -31 (base 4) in base 2?
-1101
What is 2 (base 12) in base 14?
2
Convert 88 (base 12) to base 11.
95
-14 (base 16) to base 2
-10100
33 (base 7) to base 11
22
What is 20 (base 3) in base 15?
6
-25 (base 7) to base 15
-14
Convert -204 (base 5) to base 9.
-60
What is 22 (base 8) in base 3?
200
What is -111 (base 16) in base 9?
-333
Convert -414 (base 5) to base 3.
-11001
What is 21 (base 10) in base 8?
25
-2 (base 9) to base 11
-2
Convert -345 (base 6) to base 8.
-211
10 (base 14) to base 2
1110
-5d (base 15) to base 10
-88
What is -6 (base 16) in base 5?
-11
What is 3 (base 4) in base 16?
3
Convert 16 (base 13) to base 4.
103
What is -1 (base 9) in base 15?
-1
0 (base 14) to base 7
0
Convert 30 (base 14) to base 6.
110
What is 143 (base 5) in base 12?
40
What is -2 (base 10) in base 11?
-2
3 (base 8) to base 6
3
Convert -80 (base 10) to base 2.
-1010000
7 (base 11) to base 6
11
What is -1 (base 7) in base 11?
-1
10 (base 14) to base 12
12
What is 1b (base 16) in base 2?
11011
-11c (base 15) to base 7
-510
0 (base 6) to base 10
0
-3e (base 16) to base 3
-2022
0 (base 16) to base 3
0
Convert 25 (base 9) to base 14.
19
What is 49 (base 12) in base 4?
321
What is 10 (base 5) in base 13?
5
Convert -24 (base 15) to base 13.
-28
Convert -1310 (base 5) to base 2.
-11001101
What is 0 (base 14) in base 4?
0
13 (base 4) to base 10
7
What is -9 (base 11) in base 13?
-9
What is 10 (base 3) in base 10?
3
What is 76 (base 16) in base 13?
91
What is a7 (base 15) in base 14?
b3
b3 (base 16) to base 9
218
Convert 4b (base 14) to base 3.
2111
What is 120 (base 5) in base 8?
43
Convert 1 (base 2) to base 13.
1
What is 2 (base 13) in base 16?
2
What is 2 (base 10) in base 13?
2
-14 (base 7) to base 3
-102
-1102 (base 4) to base 9
-101
c0 (base 16) to base 3
21010
What is -110100 (base 2) in base 3?
-1221
What is -35 (base 12) in base 13?
-32
What is -21a (base 11) in base 12?
-19b
Convert 3 (base 9) to base 14.
3
Convert 14 (base 13) to base 2.
10001
Convert -1 (base 11) to base 4.
-1
Convert -23 (base 12) to base 7.
-36
1 (base 16) to base 5
1
-3 (base 7) to base 8
-3
Convert 10 (base 12) to base 5.
22
Convert 1 (base 12) to base 8.
1
-10 (base 2) to base 5
-2
What is -75 (base 16) in base 9?
-140
Convert -2 (base 3) to base 14.
-2
Convert -6 (base 10) to base 15.
-6
-3 (base 13) to base 7
-3
What is -55 (base 6) in base 3?
-1022
Convert -b7 (base 13) to base 8.
-226
Convert 1202 (base 4) to base 3.
10122
-10 (base 13) to base 16
-d
Convert 10 (base 13) to base 7.
16
What is -4 (base 5) in base 6?
-4
64 (base 7) to base 14
34
79 (base 10) to base 13
61
Convert -a3 (base 11) to base 5.
-423
-2222 (base 4) to base 7
-332
-154 (base 8) to base 5
-413
What is -37 (base 16) in base 9?
-61
Convert 8 (base 14) to base 10.
8
-10 (base 5) to base 13
-5
1d (base 16) to base 6
45
What is 25 (base 10) in base 15?
1a
-53 (base 6) to base 5
-113
What is 54 (base 11) in base 8?
73
Convert -1000 (base 3) to base 8.
-33
1 (base 6) to base 15
1
-33 (base 8) to base 9
-30
What is 22 (base 10) in base 7?
31
Convert 14 (base 10) to base 14.
10
Convert 11100110 (base 2) to base 5.
1410
Convert -45 (base 12) to base 9.
-58
-3 (base 16) to base 9
-3
What is -40 (base 6) in base 9?
-26
What is -144 (base 6) in base 16?
-40
What is -442 (base 5) in base 13?
-95
What is -215 (base 6) in base 11?
-76
What is -13 (base 5) in base 2?
-1000
Convert 1101 (base 3) to base 14.
29
Convert -255 (base 6) to base 13.
-83
What is -10 (base 2) in base 12?
-2
2202 (base 3) to base 5
244
-130 (base 7) to base 5
-240
Convert -12 (base 4) to base 2.
-110
Convert -143 (base 8) to base 2.
-1100011
What is -1c (base 16) in base 6?
-44
-1 (base 13) to 